y 47?
12
What is the remainder when 8030 is divided by 7341?
689
Calculate the remainder when 76574292 is divided by 22.
14
What is the remainder when 629522 is divided by 28603?
256
Calculate the remainder when 924888 is divided by 29.
20
What is the remainder when 60222 is divided by 2259?
1488
Calculate the remainder when 30041005 is divided by 172.
1
Calculate the remainder when 456361 is divided by 313.
7
Calculate the remainder when 212434 is divided by 199.
101
Calculate the remainder when 4710142 is divided by 23.
18
What is the remainder when 170344 is divided by 27740?
3904
What is the remainder when 1188700 is divided by 456?
364
What is the remainder when 21310425 is divided by 53011?
3
What is the remainder when 8334 is divided by 4022?
290
What is the remainder when 27032 is divided by 3373?
48
Calculate the remainder when 357921 is divided by 39769.
0
Calculate the remainder when 20010141 is divided by 14.
11
Calculate the remainder when 19637 is divided by 6176.
1109
What is the remainder when 7222000 is divided by 332?
4
Calculate the remainder when 17347752 is divided by 1562.
180
What is the remainder when 16884417 is divided by 1482?
1473
What is the remainder when 262700 is divided by 3941?
2594
What is the remainder when 165196184 is divided by 27532693?
26
What is the remainder when 3272098 is divided by 1636015?
68
What is the remainder when 1311575 is divided by 790?
175
Calculate the remainder when 2893390 is divided by 14.
10
Calculate the remainder when 54797429 is divided by 885.
884
What is the remainder when 10830 is divided by 83?
40
What is the remainder when 34730368 is divided by 359?
349
Calculate the remainder when 100465 is divided by 33266.
667
What is the remainder when 740390 is divided by 10?
0
What is the remainder when 5539985 is divided by 504?
17
Calculate the remainder when 128824966 is divided by 21470826.
10
What is the remainder when 28817 is divided by 4103?
96
What is the remainder when 6590852 is divided by 48821?
17
Calculate the remainder when 218744 is divided by 1682.
84
Calculate the remainder when 41917866 is divided by 357.
354
What is the remainder when 59387767 is divided by 1746699?
1
What is the remainder when 235053 is divided by 58722?
165
Calculate the remainder when 680704 is divided by 594.
574
Calculate the remainder when 11080447 is divided by 211.
204
What is the remainder when 6711541 is divided by 38?
19
What is the remainder when 128782 is divided by 608?
494
What is the remainder when 369650 is divided by 303?
293
Calculate the remainder when 2481726 is divided by 1261.
78
Calculate the remainder when 203341973 is divided by 1044.
5
Calculate the remainder when 6442558 is divided by 199.
132
What is the remainder when 63503025 is divided by 81?
78
What is the remainder when 609186 is divided by 9984?
162
What is the remainder when 698814 is divided by 20?
14
What is the remainder when 114114164 is divided by 5321?
5319
Calculate the remainder when 12487546 is divided by 274.
270
Calculate the remainder when 27307530 is divided by 322.
320
Calculate the remainder when 415943 is divided by 372.
47
What is the remainder when 651733 is divided by 4048?
5
What is the remainder when 135809961 is divided by 1610?
21
Calculate the remainder when 1525702 is divided by 508566.
4
Calculate the remainder when 335723 is divided by 66585.
2798
Calculate the remainder when 9080116 is divided by 94.
92
What is the remainder when 202446 is divided by 100991?
464
What is the remainder when 672152 is divided by 2870?
572
Calculate the remainder when 277796 is divided by 138496.
804
What is the remainder when 1279174 is divided by 521?
119
What is the remainder when 125006691 is divided by 2631?
2619
What is the remainder when 5454216 is divided by 215?
96
What is the remainder when 1196203 is divided by 56957?
106
Calculate the remainder when 601056959 is divided by 42.
41
What is the remainder when 2186963 is divided by 3165?
3113
Calculate the remainder when 4925870 is divided by 2884.
2882
What is the remainder when 201801 is divided by 100859?
83
Calculate the remainder when 29586 is divided by 4775.
936
What is the remainder when 25298 is divided by 1113?
812
Calculate the remainder when 3020823 is divided by 3365.
2418
What is the remainder when 425085 is divided by 70846?
9
Calculate the remainder when 18002163 is divided by 198.
3
Calculate the remainder when 86574 is divided by 21525.
474
Calculate the remainder when 270413 is divided by 444.
17
Calculate the remainder when 18615 is divided by 17.
0
Calculate the remainder when 107583793 is divided by 57.
55
Calculate the remainder when 222584 is divided by 31796.
12
Calculate the remainder when 242561759 is divided by 22.
11
What is the remainder when 588863 is divided by 30?
23
Calculate the remainder when 198849983 is divided by 1509.
1508
What is the remainder when 816165 is divided by 61?
46
Calculate the remainder when 430618 is divided by 1180.
1098
What is the remainder when 44315 is divided by 8628?
1175
Calculate the remainder when 39302811 is divided by 1403670.
51
Calculate the remainder when 33768 is divided by 1054.
40
What is the remainder when 9234275 is divided by 88?
83
Calculate the remainder when 7331311 is divided by 84.
43
Calculate the remainder when 860744 is divided by 250.
244
Calculate the remainder when 22422108 is divided by 429.
423
What is the remainder when 117520 is divided by 319?
128
What is the remainder when 1647091 is divided by 1647082?
9
What is the remainder when 227671 is divided by 7?
3
What is the remainder when 13208 is divided by 5137?
2934
Calculate the remainder when 3932037 is divided by 372.
369
Calculate the remainder when 164050 is divided by 2200.
1250
What is the remainder when 23001 is divided by 417?
66
Calculate the remainder when 3138979 is divided by 116257.
40
Calculate the remainder when 6024518 is divided by 2008170.
8
What is the remainder when 1951363 is divided by 911?
1
What is the remainder when 29351851 is divided by 3898?
3809
What is the remainder when 32507 is divided by 347?
236
Calculate the remainder when 4365818 is divided by 297.
215
What is the remainder when 40251203 is divided by 844?
843
Calculate the remainder when 17713053 is divided by 2969.
2968
What is the remainder when 573417 is divided by 1239?
999
What is the remainder when 34860607 is divided by 9?
7
Calculate the remainder when 41294354 is divided by 3441196.
2
Calculate the remainder when 14663705 is divided by 5908.
49
Calculate the remainder when 1479598 is divided by 493168.
94
What is the remainder when 16616480 is divided by 155?
15
Calculate the remainder when 606169827 is divided by 690.
687
Calculate the remainder when 168911 is divided by 6254.
53
Calculate the remainder when 5644 is divided by 1221.
760
Calculate the remainder when 427614 is divided by 20325.
789
Calculate the remainder when 31532 is divided by 15459.
614
Calculate the remainder when 316415 is divided by 100.
15
What is the remainder when 5319225 is divided by 1329779?
109
Calculate the remainder when 5836885 is divided by 291844.
5
What is the remainder when 1422042 is divided by 6349?
6215
What is the remainder when 204966628 is divided by 990?
988
What is the remainder when 57661399 is divided by 29?
3
What is the remainder when 2843584 is divided by 341?
326
What is the remainder when 319340 is divided by 5806?
10
Calculate the remainder when 6228114 is divided by 3497.
3454
Calculate the remainder when 3427829 is divided by 18.
17
Calculate the remainder when 7665 is divided by 1676.
961
Calculate the remainder when 12861 is divided by 3184.
125
Calculate the remainder when 15312885 is divided by 228550.
35
What is the remainder when 19999 is divided by 1121?
942
Calculate the remainder when 553827 is divided by 110755.
52
What is the remainder when 22013079 is divided by 1417?
1401
Calculate the remainder when 957740 is divided by 6276.
3788
Calculate the remainder when 4135357 is divided by 14875.
107
Calculate the remainder when 12249 is divided by 5670.
909
Calculate the remainder when 2771472 is divided by 17.
13
Calculate the remainder when 6882243 is divided by 50.
43
What is the remainder when 